{"id":747,"date":"2025-12-20T18:10:50","date_gmt":"2025-12-20T17:10:50","guid":{"rendered":"https:\/\/gazettedestricoteuses.fr\/?page_id=747"},"modified":"2025-12-21T14:53:14","modified_gmt":"2025-12-21T13:53:14","slug":"saint-genies-de-malgoires","status":"publish","type":"page","link":"https:\/\/gazettedestricoteuses.fr\/index.php\/saint-genies-de-malgoires\/","title":{"rendered":"Saint Geni\u00e8s de Malgoir\u00e8s"},"content":{"rendered":"\n<figure class=\"wp-block-video\"><video height=\"1080\" style=\"aspect-ratio: 1920 \/ 1080;\" width=\"1920\" controls src=\"https:\/\/gazettedestricoteuses.fr\/wp-content\/uploads\/2025\/12\/VID_20251116_193439.mp4\"><\/video><\/figure>\n\n\n\n<div class=\"wp-block-media-text is-stacked-on-mobile\"><figure class=\"wp-block-media-text__media\"><img data-recalc-dims=\"1\" loading=\"lazy\" decoding=\"async\" width=\"580\" height=\"820\" src=\"https:\/\/i0.wp.com\/gazettedestricoteuses.fr\/wp-content\/uploads\/2025\/10\/FESTIVAl-de-theatre-st-genies-jpg.jpeg?resize=580%2C820&#038;ssl=1\" alt=\"\" class=\"wp-image-733 size-full\" srcset=\"https:\/\/i0.wp.com\/gazettedestricoteuses.fr\/wp-content\/uploads\/2025\/10\/FESTIVAl-de-theatre-st-genies-jpg.jpeg?resize=724%2C1024&amp;ssl=1 724w, https:\/\/i0.wp.com\/gazettedestricoteuses.fr\/wp-content\/uploads\/2025\/10\/FESTIVAl-de-theatre-st-genies-jpg.jpeg?resize=212%2C300&amp;ssl=1 212w, https:\/\/i0.wp.com\/gazettedestricoteuses.fr\/wp-content\/uploads\/2025\/10\/FESTIVAl-de-theatre-st-genies-jpg.jpeg?resize=768%2C1086&amp;ssl=1 768w, https:\/\/i0.wp.com\/gazettedestricoteuses.fr\/wp-content\/uploads\/2025\/10\/FESTIVAl-de-theatre-st-genies-jpg.jpeg?resize=1086%2C1536&amp;ssl=1 1086w, https:\/\/i0.wp.com\/gazettedestricoteuses.fr\/wp-content\/uploads\/2025\/10\/FESTIVAl-de-theatre-st-genies-jpg.jpeg?resize=1448%2C2048&amp;ssl=1 1448w, https:\/\/i0.wp.com\/gazettedestricoteuses.fr\/wp-content\/uploads\/2025\/10\/FESTIVAl-de-theatre-st-genies-jpg.jpeg?resize=1200%2C1698&amp;ssl=1 1200w, https:\/\/i0.wp.com\/gazettedestricoteuses.fr\/wp-content\/uploads\/2025\/10\/FESTIVAl-de-theatre-st-genies-jpg.jpeg?w=1587&amp;ssl=1 1587w\" sizes=\"auto, (max-width: 580px) 100vw, 580px\" \/><\/figure><div class=\"wp-block-media-text__content\">\n<p class=\"has-normal-font-size\"><strong>Mission accomplie<\/strong> !<\/p>\n\n\n\n<p class=\"has-normal-font-size\">Nous sommes mont\u00e9s sur sc\u00e8ne avec enthousiasme, un brin de folie\u2026 et visiblement assez de talent pour que le public lui-m\u00eame nous decerne  le <strong>prix de l\u2019interpr\u00e9tation<\/strong>.<\/p>\n\n\n\n<p class=\"has-text-align-left has-normal-font-size\">Un immense merci \u00e0 toutes celles et ceux qui ont vot\u00e9 pour nous. Gr\u00e2ce \u00e0 vous, on repart avec le sourire\u2026 <\/p>\n<\/div><\/div>\n","protected":false},"excerpt":{"rendered":"<p>Mission accomplie ! Nous sommes mont\u00e9s sur sc\u00e8ne avec enthousiasme, un brin de folie\u2026 et visiblement assez de talent pour que le public lui-m\u00eame nous decerne le prix de l\u2019interpr\u00e9tation. Un immense merci \u00e0 toutes celles et ceux qui ont vot\u00e9 pour nous. Gr\u00e2ce \u00e0 vous, on repart avec le sourire\u2026<\/p>\n","protected":false},"author":1,"featured_media":0,"parent":0,"menu_order":0,"comment_status":"closed","ping_status":"closed","template":"","meta":{"footnotes":""},"class_list":["post-747","page","type-page","status-publish","hentry"],"yoast_head":"<!-- This site is optimized with the Yoast SEO plugin v26.6 - https:\/\/yoast.com\/wordpress\/plugins\/seo\/ -->\n<title>Saint Geni\u00e8s de Malgoir\u00e8s - La Gazette des Tricoteuses<\/title>\n<meta name=\"robots\" content=\"index, follow, max-snippet:-1, max-image-preview:large, max-video-preview:-1\" \/>\n<link rel=\"canonical\" href=\"https:\/\/gazettedestricoteuses.fr\/index.php\/saint-genies-de-malgoires\/\" \/>\n<meta property=\"og:locale\" content=\"fr_FR\" \/>\n<meta property=\"og:type\" content=\"article\" \/>\n<meta property=\"og:title\" content=\"Saint Geni\u00e8s de Malgoir\u00e8s - La Gazette des Tricoteuses\" \/>\n<meta property=\"og:description\" content=\"Mission accomplie ! Nous sommes mont\u00e9s sur sc\u00e8ne avec enthousiasme, un brin de folie\u2026 et visiblement assez de talent pour que le public lui-m\u00eame nous decerne le prix de l\u2019interpr\u00e9tation. Un immense merci \u00e0 toutes celles et ceux qui ont vot\u00e9 pour nous. Gr\u00e2ce \u00e0 vous, on repart avec le sourire\u2026\" \/>\n<meta property=\"og:url\" content=\"https:\/\/gazettedestricoteuses.fr\/index.php\/saint-genies-de-malgoires\/\" \/>\n<meta property=\"og:site_name\" content=\"La Gazette des Tricoteuses\" \/>\n<meta property=\"article:modified_time\" content=\"2025-12-21T13:53:14+00:00\" \/>\n<meta property=\"og:image\" content=\"https:\/\/gazettedestricoteuses.fr\/wp-content\/uploads\/2025\/10\/FESTIVAl-de-theatre-st-genies-jpg-724x1024.jpeg\" \/>\n<meta name=\"twitter:card\" content=\"summary_large_image\" \/>\n<script type=\"application\/ld+json\" class=\"yoast-schema-graph\">{\"@context\":\"https:\/\/schema.org\",\"@graph\":[{\"@type\":\"WebPage\",\"@id\":\"https:\/\/gazettedestricoteuses.fr\/index.php\/saint-genies-de-malgoires\/\",\"url\":\"https:\/\/gazettedestricoteuses.fr\/index.php\/saint-genies-de-malgoires\/\",\"name\":\"Saint Geni\u00e8s de Malgoir\u00e8s - La Gazette des Tricoteuses\",\"isPartOf\":{\"@id\":\"https:\/\/gazettedestricoteuses.fr\/#website\"},\"primaryImageOfPage\":{\"@id\":\"https:\/\/gazettedestricoteuses.fr\/index.php\/saint-genies-de-malgoires\/#primaryimage\"},\"image\":{\"@id\":\"https:\/\/gazettedestricoteuses.fr\/index.php\/saint-genies-de-malgoires\/#primaryimage\"},\"thumbnailUrl\":\"https:\/\/gazettedestricoteuses.fr\/wp-content\/uploads\/2025\/10\/FESTIVAl-de-theatre-st-genies-jpg-724x1024.jpeg\",\"datePublished\":\"2025-12-20T17:10:50+00:00\",\"dateModified\":\"2025-12-21T13:53:14+00:00\",\"breadcrumb\":{\"@id\":\"https:\/\/gazettedestricoteuses.fr\/index.php\/saint-genies-de-malgoires\/#breadcrumb\"},\"inLanguage\":\"fr-FR\",\"potentialAction\":[{\"@type\":\"ReadAction\",\"target\":[\"https:\/\/gazettedestricoteuses.fr\/index.php\/saint-genies-de-malgoires\/\"]}]},{\"@type\":\"ImageObject\",\"inLanguage\":\"fr-FR\",\"@id\":\"https:\/\/gazettedestricoteuses.fr\/index.php\/saint-genies-de-malgoires\/#primaryimage\",\"url\":\"https:\/\/gazettedestricoteuses.fr\/wp-content\/uploads\/2025\/10\/FESTIVAl-de-theatre-st-genies-jpg-724x1024.jpeg\",\"contentUrl\":\"https:\/\/gazettedestricoteuses.fr\/wp-content\/uploads\/2025\/10\/FESTIVAl-de-theatre-st-genies-jpg-724x1024.jpeg\"},{\"@type\":\"BreadcrumbList\",\"@id\":\"https:\/\/gazettedestricoteuses.fr\/index.php\/saint-genies-de-malgoires\/#breadcrumb\",\"itemListElement\":[{\"@type\":\"ListItem\",\"position\":1,\"name\":\"Accueil\",\"item\":\"https:\/\/gazettedestricoteuses.fr\/\"},{\"@type\":\"ListItem\",\"position\":2,\"name\":\"Saint Geni\u00e8s de Malgoir\u00e8s\"}]},{\"@type\":\"WebSite\",\"@id\":\"https:\/\/gazettedestricoteuses.fr\/#website\",\"url\":\"https:\/\/gazettedestricoteuses.fr\/\",\"name\":\"La Gazette des Tricoteuses\",\"description\":\"Une heure de rire\",\"publisher\":{\"@id\":\"https:\/\/gazettedestricoteuses.fr\/#\/schema\/person\/6ded49873964534df6216cd9bc3d8f9c\"},\"potentialAction\":[{\"@type\":\"SearchAction\",\"target\":{\"@type\":\"EntryPoint\",\"urlTemplate\":\"https:\/\/gazettedestricoteuses.fr\/?s={search_term_string}\"},\"query-input\":{\"@type\":\"PropertyValueSpecification\",\"valueRequired\":true,\"valueName\":\"search_term_string\"}}],\"inLanguage\":\"fr-FR\"},{\"@type\":[\"Person\",\"Organization\"],\"@id\":\"https:\/\/gazettedestricoteuses.fr\/#\/schema\/person\/6ded49873964534df6216cd9bc3d8f9c\",\"name\":\"Germaine et L\u00e9ontine\",\"image\":{\"@type\":\"ImageObject\",\"inLanguage\":\"fr-FR\",\"@id\":\"https:\/\/gazettedestricoteuses.fr\/#\/schema\/person\/image\/\",\"url\":\"https:\/\/secure.gravatar.com\/avatar\/e3f5f15c95fc5983ccd2e887cf6f77fe600b9912eed886cb4f520d0ec26562c3?s=96&d=mm&r=g\",\"contentUrl\":\"https:\/\/secure.gravatar.com\/avatar\/e3f5f15c95fc5983ccd2e887cf6f77fe600b9912eed886cb4f520d0ec26562c3?s=96&d=mm&r=g\",\"caption\":\"Germaine et L\u00e9ontine\"},\"logo\":{\"@id\":\"https:\/\/gazettedestricoteuses.fr\/#\/schema\/person\/image\/\"},\"sameAs\":[\"http:\/\/gazettedestricoteuses.fr\"]}]}<\/script>\n<!-- \/ Yoast SEO plugin. -->","yoast_head_json":{"title":"Saint Geni\u00e8s de Malgoir\u00e8s - La Gazette des Tricoteuses","robots":{"index":"index","follow":"follow","max-snippet":"max-snippet:-1","max-image-preview":"max-image-preview:large","max-video-preview":"max-video-preview:-1"},"canonical":"https:\/\/gazettedestricoteuses.fr\/index.php\/saint-genies-de-malgoires\/","og_locale":"fr_FR","og_type":"article","og_title":"Saint Geni\u00e8s de Malgoir\u00e8s - La Gazette des Tricoteuses","og_description":"Mission accomplie ! Nous sommes mont\u00e9s sur sc\u00e8ne avec enthousiasme, un brin de folie\u2026 et visiblement assez de talent pour que le public lui-m\u00eame nous decerne le prix de l\u2019interpr\u00e9tation. Un immense merci \u00e0 toutes celles et ceux qui ont vot\u00e9 pour nous. Gr\u00e2ce \u00e0 vous, on repart avec le sourire\u2026","og_url":"https:\/\/gazettedestricoteuses.fr\/index.php\/saint-genies-de-malgoires\/","og_site_name":"La Gazette des Tricoteuses","article_modified_time":"2025-12-21T13:53:14+00:00","og_image":[{"url":"https:\/\/gazettedestricoteuses.fr\/wp-content\/uploads\/2025\/10\/FESTIVAl-de-theatre-st-genies-jpg-724x1024.jpeg","type":"","width":"","height":""}],"twitter_card":"summary_large_image","schema":{"@context":"https:\/\/schema.org","@graph":[{"@type":"WebPage","@id":"https:\/\/gazettedestricoteuses.fr\/index.php\/saint-genies-de-malgoires\/","url":"https:\/\/gazettedestricoteuses.fr\/index.php\/saint-genies-de-malgoires\/","name":"Saint Geni\u00e8s de Malgoir\u00e8s - La Gazette des Tricoteuses","isPartOf":{"@id":"https:\/\/gazettedestricoteuses.fr\/#website"},"primaryImageOfPage":{"@id":"https:\/\/gazettedestricoteuses.fr\/index.php\/saint-genies-de-malgoires\/#primaryimage"},"image":{"@id":"https:\/\/gazettedestricoteuses.fr\/index.php\/saint-genies-de-malgoires\/#primaryimage"},"thumbnailUrl":"https:\/\/gazettedestricoteuses.fr\/wp-content\/uploads\/2025\/10\/FESTIVAl-de-theatre-st-genies-jpg-724x1024.jpeg","datePublished":"2025-12-20T17:10:50+00:00","dateModified":"2025-12-21T13:53:14+00:00","breadcrumb":{"@id":"https:\/\/gazettedestricoteuses.fr\/index.php\/saint-genies-de-malgoires\/#breadcrumb"},"inLanguage":"fr-FR","potentialAction":[{"@type":"ReadAction","target":["https:\/\/gazettedestricoteuses.fr\/index.php\/saint-genies-de-malgoires\/"]}]},{"@type":"ImageObject","inLanguage":"fr-FR","@id":"https:\/\/gazettedestricoteuses.fr\/index.php\/saint-genies-de-malgoires\/#primaryimage","url":"https:\/\/gazettedestricoteuses.fr\/wp-content\/uploads\/2025\/10\/FESTIVAl-de-theatre-st-genies-jpg-724x1024.jpeg","contentUrl":"https:\/\/gazettedestricoteuses.fr\/wp-content\/uploads\/2025\/10\/FESTIVAl-de-theatre-st-genies-jpg-724x1024.jpeg"},{"@type":"BreadcrumbList","@id":"https:\/\/gazettedestricoteuses.fr\/index.php\/saint-genies-de-malgoires\/#breadcrumb","itemListElement":[{"@type":"ListItem","position":1,"name":"Accueil","item":"https:\/\/gazettedestricoteuses.fr\/"},{"@type":"ListItem","position":2,"name":"Saint Geni\u00e8s de Malgoir\u00e8s"}]},{"@type":"WebSite","@id":"https:\/\/gazettedestricoteuses.fr\/#website","url":"https:\/\/gazettedestricoteuses.fr\/","name":"La Gazette des Tricoteuses","description":"Une heure de rire","publisher":{"@id":"https:\/\/gazettedestricoteuses.fr\/#\/schema\/person\/6ded49873964534df6216cd9bc3d8f9c"},"potentialAction":[{"@type":"SearchAction","target":{"@type":"EntryPoint","urlTemplate":"https:\/\/gazettedestricoteuses.fr\/?s={search_term_string}"},"query-input":{"@type":"PropertyValueSpecification","valueRequired":true,"valueName":"search_term_string"}}],"inLanguage":"fr-FR"},{"@type":["Person","Organization"],"@id":"https:\/\/gazettedestricoteuses.fr\/#\/schema\/person\/6ded49873964534df6216cd9bc3d8f9c","name":"Germaine et L\u00e9ontine","image":{"@type":"ImageObject","inLanguage":"fr-FR","@id":"https:\/\/gazettedestricoteuses.fr\/#\/schema\/person\/image\/","url":"https:\/\/secure.gravatar.com\/avatar\/e3f5f15c95fc5983ccd2e887cf6f77fe600b9912eed886cb4f520d0ec26562c3?s=96&d=mm&r=g","contentUrl":"https:\/\/secure.gravatar.com\/avatar\/e3f5f15c95fc5983ccd2e887cf6f77fe600b9912eed886cb4f520d0ec26562c3?s=96&d=mm&r=g","caption":"Germaine et L\u00e9ontine"},"logo":{"@id":"https:\/\/gazettedestricoteuses.fr\/#\/schema\/person\/image\/"},"sameAs":["http:\/\/gazettedestricoteuses.fr"]}]}},"_links":{"self":[{"href":"https:\/\/gazettedestricoteuses.fr\/index.php\/wp-json\/wp\/v2\/pages\/747","targetHints":{"allow":["GET"]}}],"collection":[{"href":"https:\/\/gazettedestricoteuses.fr\/index.php\/wp-json\/wp\/v2\/pages"}],"about":[{"href":"https:\/\/gazettedestricoteuses.fr\/index.php\/wp-json\/wp\/v2\/types\/page"}],"author":[{"embeddable":true,"href":"https:\/\/gazettedestricoteuses.fr\/index.php\/wp-json\/wp\/v2\/users\/1"}],"replies":[{"embeddable":true,"href":"https:\/\/gazettedestricoteuses.fr\/index.php\/wp-json\/wp\/v2\/comments?post=747"}],"version-history":[{"count":5,"href":"https:\/\/gazettedestricoteuses.fr\/index.php\/wp-json\/wp\/v2\/pages\/747\/revisions"}],"predecessor-version":[{"id":805,"href":"https:\/\/gazettedestricoteuses.fr\/index.php\/wp-json\/wp\/v2\/pages\/747\/revisions\/805"}],"wp:attachment":[{"href":"https:\/\/gazettedestricoteuses.fr\/index.php\/wp-json\/wp\/v2\/media?parent=747"}],"curies":[{"name":"wp","href":"https:\/\/api.w.org\/{rel}","templated":true}]}}